divided by 5.
3
What is the remainder when (11 - -1)*((-30)/(-8))/3 is divided by 8?
7
Suppose -f - 2*q = -32, -8 + 3 = 5*q. Calculate the remainder when f is divided by 54/(-21)*28/(-6).
10
Suppose -139*j + 136*j = -222. What is the remainder when 368 is divided by j?
72
Suppose -6*i + 104 = 5*w - 2*i, 3*i = w - 36. What is the remainder when w is divided by 5?
4
Suppose -6*q = -2*q + 4. Let s = 8 - q. Calculate the remainder when 34 is divided by s.
7
Let w = 23 - 138. Let s = -55 - w. Suppose -3*l = -s - 78. What is the remainder when l is divided by 16?
14
Let p = 29 - 23. What is the remainder when 3 is divided by 9/(-18) + p/4?
0
Suppose 87 + 29 = 2*x. Suppose 458 = 29*c + 23. Calculate the remainder when x is divided by c.
13
Let p(m) = -2*m + 3. Let u(f) = -f**3 + 2*f - 3. Let z be u(2). Calculate the remainder when p(z) is divided by 10.
7
Suppose -2*p = -6, 4*w + 0*w + 5*p = 335. What is the remainder when w is divided by 23?
11
Suppose 2*v - 5*v = -6. Suppose 0*y = -3*y - c - 1, 5*y + v*c = -3. Let q = y - -3. Calculate the remainder when 11 is divided by q.
3
Suppose 0 = 2*v - 101 + 35. What is the remainder when v is divided by 18?
15
Suppose v - 4*v = -4*l + 138, 0 = -3*l - 5*v + 118. Calculate the remainder when l is divided by 20.
16
Suppose -1 - 1 = -o. Let z = o + -4. Let l = z - -12. What is the remainder when 19 is divided by l?
9
Let o be (3/(-2))/(6/8). Let c be (o/2)/((-4)/(-188)). Let l = c - -87. What is the remainder when l is divided by 14?
12
Suppose -5*f + 4*s = -45, 5*f - 15 = -2*s - 0*s. Suppose 4*i - 2*j + j = 54, -f*i = -j - 67. What is the remainder when i is divided by 4?
1
Let k(u) = -u**3 + 9*u**2 + 5*u + 11. Let t be k(8). Suppose -m - m = 3*z - 47, 0 = -5*z + 4*m + t. Calculate the remainder when z is divided by 11.
8
Let x = -6 + 54. Suppose -4*z + 2*z = -x. What is the remainder when 71 is divided by z?
23
Suppose -f + 6 + 8 = -v, 0 = -f - 5*v + 2. Calculate the remainder when 70 is divided by f.
10
Suppose 2*g + 4 = 2*z, 3*g = g + 4*z - 4. Calculate the remainder when 6/(1*-2)*-1 is divided by (3 + (-3 - g))*1.
1
Let o = 159 + -222. Let u = -18 - o. What is the remainder when u is divided by 23?
22
Suppose -2*z = 2*f - 40, 0 = 6*z - 2*z - 4*f - 56. Let v(h) = h**2 - 7*h - 2. What is the remainder when z is divided by v(8)?
5
Suppose -d + 0*d + 22 = 0. Let n = -62 + 126. What is the remainder when n is divided by d?
20
Suppose 17*z = 16*z + 28. What is the remainder when 83 is divided by z?
27
Suppose 9*y + 0*y = 63. What is the remainder when y is divided by 4?
3
Let k be (-78)/(-4) + (-3)/(-2). Suppose -4*x = 5*h - 95, -2*h - x - 55 = -6*h. What is the remainder when (k/3)/((-3)/(-12)) is divided by h?
13
Let i(q) = q**3 - 4*q**2 - 5*q + 2. Let w be i(5). Suppose c = w, -d - d = -2*c. Calculate the remainder when 7 is divided by d.
1
Suppose -59 + 123 = 2*s. What is the remainder when s is divided by 11?
10
Suppose -5*h + 20 + 25 = 0. Calculate the remainder when h is divided by 6.
3
Let u = -28 + 55. What is the remainder when u is divided by 8?
3
Let a = -4 + -4. Let h(f) = f**3 + 8*f**2 - 3*f - 11. What is the remainder when 37 is divided by h(a)?
11
Let b = 44 + -45. Let y(u) be the first derivative of -4*u**2 + u + 1. What is the remainder when 15 is divided by y(b)?
6
Let b(d) = 15*d**2 + 3*d - 1. What is the remainder when b(1) is divided by (3/2 - 0)*6?
8
Let i = -6 + 19. What is the remainder when 76 is divided by i?
11
Let b = -28 + 48. Suppose -b = -5*x - 2*j - 0*j, 0 = x - 4*j - 4. What is the remainder when 38 is divided by x + -2 - (-11)/1?
12
What is the remainder when (-3)/(-9) + 100/6 is divided by -10*5/(-40)*4?
2
Suppose 0 = -3*q - h - 28, 2*q + 3*h = -q - 36. Let s = q + 18. Calculate the remainder when s is divided by 4.
2
Suppose 35 = -0*l + 5*l + g, 5*g + 35 = 5*l. Suppose -j - 4*b = -8, 2*j + l*b = 3*b + 28. What is the remainder when j is divided by 7?
6
Suppose -22 = -5*k + 168. Suppose 0 = -0*s - s + 13. Calculate the remainder when k is divided by s.
12
Suppose 5 + 1 = 3*m + 3*a, 3*m - 5*a = -2. Let t be 21*(3 + 20/(-6)). Let c(g) = -g**3 - 8*g**2 - 8*g - 6. What is the remainder when m is divided by c(t)?
0
Suppose -t - 40 = -3*t. Let z = 36 + t. Suppose 5*l = -0*l + 95. Calculate the remainder when z is divided by l.
18
Let b(j) = -5*j**3 - 6*j**2 - 5*j + 13. Let h(y) = 9*y**3 + 12*y**2 + 9*y - 25. Let w(x) = -11*b(x) - 6*h(x). Calculate the remainder when w(6) is divided by 7.
6
Suppose 24 = 6*x - 2*x. Calculate the remainder when (-66)/3*1/(-2) is divided by x.
5
Suppose 3 = -2*c - 1. Suppose 5*k - 4*k + 2*m - 23 = 0, -50 = -5*k + 3*m. What is the remainder when 25 + c + 3/3 is divided by k?
11
Suppose 6*l = -l + 91. Let j be (-2)/1*-3*10. Suppose -j = -2*c + 16. What is the remainder when c is divided by l?
12
Let z = -3 - -8. Let w(y) = -2*y**2 + 2*y - 2. Let k be w(z). Calculate the remainder when 27 is divided by k*(-1 - 6/(-9)).
13
Let u(g) be the second derivative of 0 + 1/20*g**5 - 3/2*g**2 - 2*g + 5/12*g**4 + 1/6*g**3. What is the remainder when 35 is divided by u(-4)?
8
Let u = -19 - -31. What is the remainder when 34 is divided by u?
10
What is the remainder when 2/(-8) + 845/20 is divided by 15?
12
Suppose 224 = -2*m + 6*m. Let n(t) = t**2 - 13*t - 11. What is the remainder when m is divided by n(15)?
18
Suppose -26 = -4*y + 70. Calculate the remainder when 45 is divided by y.
21
Suppose -4 = -3*z - 2*a + 3, 4*a - 4 = -4*z. Suppose m - 1 = z. Calculate the remainder when 10 is divided by m.
4
Suppose 5*l + 122 = t, 0 = 4*t - 2*l - l - 573. What is the remainder when t is divided by 38?
33
Suppose -4*z + 8 + 0 = 0. Calculate the remainder when z is divided by 1.
0
Suppose 0*d - d + 17 = h, 5 = d. What is the remainder when 238 is divided by h?
10
Suppose -3*o + 45 = 5*s, 2*s + 3*o + 27 = 3*s. Calculate the remainder when 22 is divided by s.
10
Suppose 3*u = 3, 5*g = -u + 18 + 8. Suppose -m + g*m - 3*s = 17, -4*s - 18 = -3*m. Calculate the remainder when (-474)/(-9) + m/(-3) is divided by 18.
16
Let g = -6 - -7. Calculate the remainder when 43 is divided by g/2*(-22)/(-1).
10
Suppose -3*t = -d + 33, -2*t - 3*t = d + 63. Calculate the remainder when 55 is divided by (-57)/t*(0 + 4).
17
Let r = -86 + 97. Calculate the remainder when 17 is divided by r.
6
Suppose 5*w = 61 - 6. What is the remainder when w is divided by 6?
5
Let b = 51 + -11. What is the remainder when b is divided by 12?
4
Suppose 9*o = 2*o + 140. Suppose 3*q - 233 = -2*n, 2*n - n - 1 = 0. Calculate the remainder when q is divided by o.
17
Let b = 37 + -26. Calculate the remainder when 20 is divided by b.
9
Let s(r) = r**3 + 7*r**2 - 9. Let i = -2 + 2. Suppose -q + i*q + 4*f = -2, 3*f = 9. What is the remainder when s(-6) is divided by q?
13
Let b(x) = 5*x - 1. Let m be b(7). Let h = m + -14. Let v = 34 - h. Calculate the remainder when 40 is divided by v.
12
Let w = -1 - 8. Let f be 3/w + (-26)/(-6). Suppose 5*b - 125 = 5*l, 164 = 5*b - f*l + 39. Calculate the remainder when b is divided by 13.
12
Let i(g) = g**3 + 7*g**2 - 6*g + 3. Let o be i(-7). Suppose 3*y = 3*a + 87, -3*a - 198 = -5*y - o. Calculate the remainder when y is divided by 9.
6
Let h = 18 - 8. Let g = -3 + h. Let a = 13 - g. What is the remainder when 11 is divided by a?
5
Let q(a) = 3*a - 2*a - 12 + 0*a + 2*a. Calculate the remainder when q(9) is divided by 4.
3
Suppose 0*b - b = -63. Suppose -l = w - 61, 0 = -2*w + w + l + b. Calculate the remainder when w is divided by 32.
30
Suppose 0 = -3*a + 1 + 32. Suppose -2 = j - 22. Calculate the remainder when j is divided by a.
9
Suppose 0 = 2*b - b - 11. Suppose -6*j = -s - 4*j + 10, s + 2*j - 10 = 0. Let x(g) = g - 7. Calculate the remainder when b is divided by x(s).
2
Suppose -o = 5*l - 223, 3*o - 54 = -3*l + 75. What is the remainder when l is divided by 16?
13
Let t be (2 + 0)/(-4)*-10. Suppose -2*n + t*n = -3. Calculate the remainder when 13 is divided by 2 + n + 1 + 5.
6
Calculate the remainder when 2 - ((-19)/1 + 4) is divided by 16/3 + (-4)/(-6).
5
Let h(g) = -4*g - 2. Suppose -3*y + 5*y - 12 = 0. Let n(c) = -5*c - 3. Let l(i) = y*h(i) - 4*n(i). Calculate the remainder when 14 is divided by l(-2).
6
Suppose 0 = 3*v + 111 - 366. Suppose l = -0*l + 22. What is the remainde